374/8)/(33/352).
2, 229
Suppose -624*u + 17873558 = -83*u. What are the prime factors of u?
2, 16519
Let h be (-8)/(-14) + 52/(-91). Suppose h*s - 2405 = -5*s. What are the prime factors of s?
13, 37
Suppose -4*d + 3*p = 0, -9*d + 4 = -5*d - 2*p. Suppose -d*m - 2*s - 964 = -4*m, -3*s - 962 = -m. List the prime factors of m.
2, 11
Let l(c) = c**3 - 25*c**2 - 23*c - 74. Let o be l(26). Suppose 4*j - 3*j = o*u - 4036, 5045 = 5*u + 3*j. What are the prime factors of u?
1009
Suppose -p + 13 = p - m, -4*p = -5*m - 29. Let o be 326/11*5 - p/33. Suppose 12 = 2*v + 5*q - 91, -3*v = q - o. List the prime factors of v.
7
Suppose -3*b - m - 1 + 5 = 0, -3*m - 12 = b. Let x(a) = -4*a**2 + 2 + a**2 + 3*a + 0*a + 15*a**b. What are the prime factors of x(2)?
2, 29
Let s be (-3)/(-1 + 5/8). Suppose s*m = 3*m - 15. List the prime factors of m*(4 - 3) - -42.
3, 13
Let h(c) = 2*c - 27. Let l be h(16). Suppose -7*b = l*b - 5112. Let y = b + -297. What are the prime factors of y?
3, 43
Suppose 3*r - 389 = -101. Let m be 0 - (3/12*-4 + 1). Suppose m = 6*h - 5*h - r. List the prime factors of h.
2, 3
Let t = 128 + -100. What are the prime factors of t/(-7) + (-7210)/(-7)?
2, 3, 19
Let p = 1717 + 2441. What are the prime factors of p?
2, 3, 7, 11
Let b = 353 - 167. Suppose -382 = -4*u + b. What are the prime factors of u?
2, 71
Let o = -11 - -16. Suppose s + 14 = 3*c, 3*c - o*s = 4 + 18. Suppose 24 = 2*d - 2*h, 0 = -4*d + 5*d + c*h - 27. What are the prime factors of d?
3, 5
Suppose 5*r + 830 = -1290. Let s = r + 998. List the prime factors of s.
2, 7, 41
Let t(u) = -u**3 + 15*u**2 + 59*u - 22. Let a be t(18). Suppose -f = -a - 159. List the prime factors of f.
227
Suppose -2*i = 2 - 2. Suppose i*s - 5*s + 105 = 0. Let l = s - -49. List the prime factors of l.
2, 5, 7
Suppose 6*n - 24 = 0, -3*n = -z - 6*n + 5970. What are the prime factors of z?
2, 3, 331
Let t(j) = -9*j + 84. Let g be t(10). Let f = 9 + g. What are the prime factors of (-2 - 151)/f*14/(-3)?
2, 7, 17
Let o(i) = 7*i + 9*i**2 - 11 + 1 - i**2 - 4*i**2. List the prime factors of o(-7).
137
Suppose 2*a + x + 2427 = -4*x, 3*a = -4*x - 3651. Let g be 6/(-42) + a/(-21). Let f = g + -31. What are the prime factors of f?
3
List the prime factors of 17/(-5 - 27904/(-2536) - 6).
17, 317
Suppose -36*c + 88*c = 115165 + 110255. What are the prime factors of c?
3, 5, 17
Suppose 22*k - 18*k + 2*p + 784 = 0, -2*k - 2*p = 390. Let s = k + 507. What are the prime factors of s?
2, 5, 31
Let d = -150 + 154. Suppose -978 = -3*f - 4*h, -f + 2*f = -d*h + 318. List the prime factors of f.
2, 3, 5, 11
Let c = -29 + 20. Let i be ((-6)/(-4))/(c/3)*-402. Let f = -118 + i. What are the prime factors of f?
83
Let o(y) = y**3 + 15*y**2 + 19*y + 27. Let l be o(-14). Let t = l + 57. List the prime factors of t.
2, 7
Suppose 1242 = 8*i + 82. Suppose 45 = z + w, -5*z + 2*w = -101 - i. Let r = z + 30. List the prime factors of r.
2, 3, 13
Suppose 1915 = 14*t - 19*t. Let u = t + 1104. List the prime factors of u.
7, 103
Suppose -5*p - 5*h + 185 = 0, 0 = -3*p + 6*p + 5*h - 111. Let j = -36 + p. Let l(b) = 47*b**3 + 2*b**2 - 2. List the prime factors of l(j).
47
Let x = 62071 + -35441. What are the prime factors of x?
2, 5, 2663
Let z(p) = 288*p**3 - 7*p**2 + 11*p + 7. What are the prime factors of z(3)?
7753
Let y = 336 + -155. Let n = 327 - y. What are the prime factors of n?
2, 73
Suppose 91 + 19 = 10*x. Suppose 22231 = -x*o + 54*o. What are the prime factors of o?
11, 47
Suppose -6*n + 0*n - 3162 = 0. Let i = 1325 + n. List the prime factors of i.
2, 3, 7, 19
Suppose -4*x = -5*h - 52, h - 18*x = -13*x - 2. List the prime factors of h*(-4)/(-4)*(-191)/4.
3, 191
Let h be 3*(-8)/6*9/(-12). Suppose -4*m - 285 = 2*i - 1015, 3*i = -h*m + 540. What are the prime factors of m?
5, 37
Let v(h) = -h**3 + 26*h**2 + 6*h - 6. Let n be v(13). Suppose 16*b = 1827 + n. What are the prime factors of b?
2
Suppose 5*w - 8525 = -q, 4*w + q + 6829 = 8*w. List the prime factors of w.
2, 853
Let y(j) = 251*j**2 + 801*j + 16. List the prime factors of y(7).
2, 3, 29, 103
Suppose 183 = 5*a - 192. Suppose a = 2*i - 115. What are the prime factors of i?
5, 19
Suppose 5*k + 2*o = -o + 32, -3*k + 32 = 5*o. Suppose 2*t = -4*c - 4, t + 29 = k*c + 9. Let h(y) = -24*y + 20. What are the prime factors of h(t)?
2, 53
Let c = -52 - -101. Let q = c - 49. Suppose -6*d = -q*d - 1122. List the prime factors of d.
11, 17
What are the prime factors of (-12 - (-13 - -6))*(-51176)/20?
2, 6397
Let m(g) = g + 44. Let k be m(-19). Suppose -3*p + 59 = -2*f, 0 = p + 2*f - 0*f - k. List the prime factors of 16/((-36)/p + 2).
2, 7
Let g be 35/20 + 12/(-16). Let r(n) = n**3 - n**2. Let o be r(g). Suppose o = -5*t + 20, 3*f + 5*t - 396 + 46 = 0. List the prime factors of f.
2, 5, 11
Let l(d) = -d - 1. Let r(n) = -23*n + 32. Let i(b) = -5*l(b) - r(b). What are the prime factors of i(11)?
281
Suppose l = -4*o - 8, 0*l + 3*o - 28 = -5*l. Suppose 3*r = 5*t + 270, -3*r = 5*t - l - 232. Suppose -r = -5*u + 620. List the prime factors of u.
3, 47
Suppose -2*m + r + 265 = -0*m, -3*m = -5*r - 408. Let v = m + -44. Let k = v + 5. What are the prime factors of k?
2, 23
Let d(u) = -212*u - 295. Let o be d(-15). What are the prime factors of o/(40/8) - 0?
577
Let p = -1140 + 390. What are the prime factors of (-92 - 1)/((-7455)/p + -10)?
2, 5, 31
What are the prime factors of 1398/(-9)*(0 - -5976)/(-24)?
2, 83, 233
List the prime factors of (10 + -2)/(-14 + 177976/12712).
2, 7, 227
Let d be 2/2 + 9/3. Suppose -36*p = -38*p - d. List the prime factors of ((-25)/(-10) + p)*244.
2, 61
What are the prime factors of 4 + (15774/8)/((-3315)/(-300) + -11)?
39439
Suppose -2*b - 3*b = -b. Suppose -2*u - 3*l = -62, b = -u - 4*u - 2*l + 144. Suppose 4*y - 50 = -2*i, -17 = -4*y - i + u. List the prime factors of y.
2, 5
Suppose -2*h + 991 = -h + 2*m, 2*m - 2993 = -3*h. Suppose 4*r - 3*o + 2*o - h = 0, r = 3*o + 242. List the prime factors of r.
251
Let y = 39 - 33. Suppose -2*a + 2*f = -14, -3*f - 23 = -5*a + y. Suppose 2*k = a*z + 234, -2*z - 217 = 3*k - 608. What are the prime factors of k?
127
Let g(a) = a**3 + 17*a**2 - 18*a - 60. Let j(x) = -x**2 + 2*x - 1. Let f(h) = g(h) - 4*j(h). What are the prime factors of f(-20)?
2, 3
Let t(i) = -158*i - 64. Let j be t(-6). Let w = -397 + j. List the prime factors of w.
487
Let s = 38148 - 28058. What are the prime factors of s?
2, 5, 1009
Let u = 2714 + 3804. What are the prime factors of u?
2, 3259
Let c(u) = 1319*u + 6191. List the prime factors of c(10).
19381
Suppose 4*y + 8 = -2*h - 2*h, 2*y + 4 = 4*h. What are the prime factors of ((h - -3)/(-6))/((-3)/1584)?
2, 3, 11
Let z(t) = -t**3 + 110*t**2 - 240*t + 685. List the prime factors of z(103).
2, 29, 433
Let b(k) = k**3 + 16*k**2 - 43*k - 231. What are the prime factors of b(10)?
7, 277
Let d = 69356 - 23054. List the prime factors of d.
2, 3, 7717
Let y be 3997/140*-4 - 2/(-10). What are the prime factors of (0 + 1 - -398) + 570/y?
2, 197
Let u(h) = -h**3 + 40*h**2 + 221*h + 267. List the prime factors of u(25).
29, 523
Let i be ((-144)/(-20))/((-42)/(-140)). Suppose i*o = 33*o - 2124. List the prime factors of o.
2, 59
Let r(z) = z**3 - 18*z**2 + 15*z + 42. Let s be r(17). Suppose s*w = 7*w. Suppose 5*n = -3*a + 56, -3*n - 2*n + 5*a + 80 = w. What are the prime factors of n?
13
Let c = 1032 + 9917. What are the prime factors of c?
10949
Suppose -3*i = -2*r + 97 - 1755, -4*i + r = -2214. Let z = i + -187. What are the prime factors of z?
367
Suppose -4*n = -16, 5*w + 5*n - 74583 = 75207. List the prime factors of w.
2, 17, 881
Suppose -3*i + 2*c + 1092 = 5*c, -i + 364 = -3*c. Let b = i + -165. Suppose m + v = 80, -b = -3*m - v + 49. What are the prime factors of m?
2, 3, 7
Let m = -5445 + 10437. List the prime factors of m.
2, 3, 13
Let w(u) = -43*u. Let h(s) = -s**3 + 9*s**2 + 21*s + 10. Let f be h(11). List the prime factors of w(f).
43
Let r(v) = 21*v - 30. Let y be r(4). What are the prime factors of y + 1 - (-11)/(-11)?
2, 3
What are the prime factors of (10/(-4))/((-60)/180 - 113963/(-341934))?
56989
Let v = -15872 + 24837. List the prime factors of v.
5, 11, 163
Suppose 0 = -235*s + 136995 - 10565. List the prime factors of s.
2, 269
Suppose 0 = 19*l - 7*l - 300. Suppose -l*f + 24*f + 1337 = 3*a, -f =